{"id":107,"date":"2024-01-12T12:53:07","date_gmt":"2024-01-12T11:53:07","guid":{"rendered":"https:\/\/pioneering-eclatrythmique.wordpress.com\/?page_id=107"},"modified":"2024-03-29T15:28:28","modified_gmt":"2024-03-29T14:28:28","slug":"qui-sommes-nous","status":"publish","type":"page","link":"https:\/\/www.gr-eclat01.fr\/index.php\/qui-sommes-nous\/","title":{"rendered":"Qui sommes nous ?"},"content":{"rendered":"\t\t<div data-elementor-type=\"wp-page\" data-elementor-id=\"107\" class=\"elementor elementor-107\">\n\t\t\t\t<div class=\"elementor-element elementor-element-7b433299 e-flex e-con-boxed wpr-particle-no wpr-jarallax-no wpr-parallax-no wpr-sticky-section-no e-con e-parent\" data-id=\"7b433299\" data-element_type=\"container\">\n\t\t\t\t\t<div class=\"e-con-inner\">\n\t\t\t\t<div class=\"elementor-element elementor-element-55a39ffc elementor-widget__width-initial e-transform elementor-widget elementor-widget-text-editor\" data-id=\"55a39ffc\" data-element_type=\"widget\" data-settings=\"{&quot;_transform_scale_effect&quot;:{&quot;unit&quot;:&quot;px&quot;,&quot;size&quot;:1,&quot;sizes&quot;:[]},&quot;_transform_scale_effect_tablet&quot;:{&quot;unit&quot;:&quot;px&quot;,&quot;size&quot;:&quot;&quot;,&quot;sizes&quot;:[]},&quot;_transform_scale_effect_mobile&quot;:{&quot;unit&quot;:&quot;px&quot;,&quot;size&quot;:&quot;&quot;,&quot;sizes&quot;:[]}}\" data-widget_type=\"text-editor.default\">\n\t\t\t\t<div class=\"elementor-widget-container\">\n\t\t\t\t\t\t\t\t\t<p><\/p>\n<p><strong>La cr\u00e9ation d&rsquo;un club de gymnastique rythmique dans le Val de Sa\u00f4ne<\/strong><\/p>\n<p><\/p>\n<p><\/p>\n<p>En octobre 2023, Laur\u00e8ne Gabon Maynaud et Sol\u00e8ne Burdeau ont cr\u00e9\u00e9 l&rsquo;association Eclat Rythmique Val de Sa\u00f4ne, club de gymnastique rythmique. Toutes deux anciennes gymnastes du Coll\u00e8ge de Thoissey, elles ont souhait\u00e9 partager leur passion pour la gymnastique rythmique avec d&rsquo;autres jeunes du Val de Sa\u00f4ne.<\/p>\n<p><\/p>\n<p><\/p>\n<p>Soutenues par leur maman qui font \u00e9galement partie du bureau et qui les suivent dans la gymnastique rythmique depuis leurs d\u00e9buts,&nbsp; elles souhaitent diversifier l&rsquo;offre de loisirs sportifs pr\u00e9sents sur le territoire et faire f\u00e9d\u00e9rer autour d&rsquo;une nouvelle activit\u00e9.<\/p>\n<p><\/p>\n<p><\/p>\n<p><strong>Une \u00e9quipe exp\u00e9riment\u00e9e<\/strong><\/p>\n<p><\/p>\n<p><\/p>\n<p>Sol\u00e8ne Burdeau est dipl\u00f4m\u00e9e d&rsquo;une licence STAPS en entrainement sp\u00e9cialit\u00e9 Gymnastique Rythmique, Elle a \u00e9galement entra\u00een\u00e9 des gymnastes \u00e0 l&rsquo;\u00e9tranger \u00e0 haut niveau, notamment en Belgique. Laur\u00e8ne Gabon Maynaud est titulaire d&rsquo;un BPJEPS en activit\u00e9s gymniques d&rsquo;expression. Elle a \u00e9galement une exp\u00e9rience d&rsquo;entra\u00eeneur en gymnastique rythmique , notamment \u00e0 Toulouse o\u00f9 elle a pass\u00e9 son dipl\u00f4me.<\/p>\n<p><\/p>\n<p><\/p>\n<p><strong>Une offre de cours vari\u00e9e<\/strong><\/p>\n<p><\/p>\n<p><\/p>\n<p>Eclat Rythmique Val de Sa\u00f4ne propose des cours de gymnastique rythmique de 3 \u00e0 +18 ans. Les cours sont dispens\u00e9s par des entra\u00eeneurs dipl\u00f4m\u00e9s d&rsquo;\u00c9tat.<\/p>\n<p><\/p>\n<p><\/p>\n<p>Les cours sont r\u00e9partis en trois cat\u00e9gories :<\/p>\n<p><\/p>\n<p><\/p>\n<ul class=\"wp-block-list\"><p><\/p>\n<li><strong>Gymnastique rythmique loisirs&nbsp;<\/strong>:&nbsp;ces cours sont ouverts \u00e0 toutes et tous,&nbsp;quel que soit leur niveau.&nbsp;Ils visent \u00e0 d\u00e9velopper la motricit\u00e9,&nbsp;la coordination et l&rsquo;expression artistique des gymnastes.<\/li>\n<p><\/p>\n<p><\/p>\n<li><strong>Gymnastique rythmique comp\u00e9tition&nbsp;<\/strong>:&nbsp;ces cours sont destin\u00e9s aux gymnastes qui souhaitent se perfectionner et participer \u00e0 des comp\u00e9titions.<\/li>\n<p><\/p>\n<p><\/p>\n<li><strong>Baby gym&nbsp;<\/strong>:&nbsp;ces cours sont destin\u00e9s aux enfants de 3 \u00e0 6 ans.&nbsp;Ils visent \u00e0 d\u00e9velopper leur motricit\u00e9 globale et fine tout en s&rsquo;amusant.<\/li>\n<p><\/p><\/ul>\n<p><\/p>\n<p><\/p>\n<p><strong>Un club dynamique<\/strong><\/p>\n<p><\/p>\n<p><\/p>\n<p>Eclat Rythmique Val de Sa\u00f4ne est un club de gymnastique rythmique qui se veut dynamique et qui souhaite organiser des \u00e9v\u00e9nements tout au long de l&rsquo;ann\u00e9e. Le club aimerait notamment participer \u00e0 des galas, des d\u00e9monstrations et des comp\u00e9titions.<\/p>\n<p><\/p>\n<p><\/p>\n<p><strong>Une passion partag\u00e9e<\/strong><\/p>\n<p><\/p>\n<p><\/p>\n<p>Laur\u00e8ne Gabon Maynaud et Sol\u00e8ne Burdeau sont anim\u00e9es par la m\u00eame passion pour la gymnastique rythmique. Elles souhaitent transmettre leur passion aux jeunes ( et moins jeunes !) du Val de Sa\u00f4ne et alentours.<\/p>\n<p><\/p>\t\t\t\t\t\t\t\t<\/div>\n\t\t\t\t<\/div>\n\t\t\t\t\t<\/div>\n\t\t\t\t<\/div>\n\t\t<div class=\"elementor-element elementor-element-c3d9a19 e-flex e-con-boxed wpr-particle-no wpr-jarallax-no wpr-parallax-no wpr-sticky-section-no e-con e-parent\" data-id=\"c3d9a19\" data-element_type=\"container\">\n\t\t\t\t\t<div class=\"e-con-inner\">\n\t\t\t\t<div class=\"elementor-element elementor-element-bf77e8f elementor-widget elementor-widget-image\" data-id=\"bf77e8f\" data-element_type=\"widget\" data-widget_type=\"image.default\">\n\t\t\t\t<div class=\"elementor-widget-container\">\n\t\t\t\t\t\t\t\t\t\t\t\t<figure class=\"wp-caption\">\n\t\t\t\t\t\t\t\t\t\t<img fetchpriority=\"high\" decoding=\"async\" width=\"768\" height=\"1024\" src=\"https:\/\/www.gr-eclat01.fr\/wp-content\/uploads\/2024\/03\/WhatsApp-Image-2024-03-29-at-3.18.06-PM-768x1024.jpeg\" class=\"attachment-medium_large size-medium_large wp-image-442\" alt=\"Les fondatrices du club de gymnastique eclat rythmique val de saone\" srcset=\"https:\/\/www.gr-eclat01.fr\/wp-content\/uploads\/2024\/03\/WhatsApp-Image-2024-03-29-at-3.18.06-PM-768x1024.jpeg 768w, https:\/\/www.gr-eclat01.fr\/wp-content\/uploads\/2024\/03\/WhatsApp-Image-2024-03-29-at-3.18.06-PM-225x300.jpeg 225w, https:\/\/www.gr-eclat01.fr\/wp-content\/uploads\/2024\/03\/WhatsApp-Image-2024-03-29-at-3.18.06-PM-1152x1536.jpeg 1152w, https:\/\/www.gr-eclat01.fr\/wp-content\/uploads\/2024\/03\/WhatsApp-Image-2024-03-29-at-3.18.06-PM.jpeg 1200w\" sizes=\"(max-width: 768px) 100vw, 768px\" \/>\t\t\t\t\t\t\t\t\t\t\t<figcaption class=\"widget-image-caption wp-caption-text\">les deux fondatrices du club de gymnastique rythmique <\/figcaption>\n\t\t\t\t\t\t\t\t\t\t<\/figure>\n\t\t\t\t\t\t\t\t\t<\/div>\n\t\t\t\t<\/div>\n\t\t\t\t\t<\/div>\n\t\t\t\t<\/div>\n\t\t\t\t<\/div>\n\t\t","protected":false},"excerpt":{"rendered":"<p>La cr\u00e9ation d&rsquo;un club de gymnastique rythmique dans le Val de Sa\u00f4ne En octobre 2023, Laur\u00e8ne Gabon Maynaud et Sol\u00e8ne Burdeau ont cr\u00e9\u00e9 l&rsquo;association Eclat Rythmique Val de Sa\u00f4ne, club de gymnastique rythmique. Toutes deux anciennes gymnastes du Coll\u00e8ge de Thoissey, elles ont souhait\u00e9 partager leur passion pour la gymnastique rythmique avec d&rsquo;autres jeunes du Val de Sa\u00f4ne. Soutenues par leur maman qui font \u00e9galement partie du bureau et qui les suivent dans la gymnastique rythmique depuis leurs d\u00e9buts,&nbsp; elles souhaitent diversifier l&rsquo;offre de loisirs sportifs pr\u00e9sents sur le territoire et faire f\u00e9d\u00e9rer autour d&rsquo;une nouvelle activit\u00e9. Une \u00e9quipe exp\u00e9riment\u00e9e Sol\u00e8ne Burdeau est dipl\u00f4m\u00e9e d&rsquo;une licence STAPS en entrainement sp\u00e9cialit\u00e9 Gymnastique Rythmique, Elle a \u00e9galement entra\u00een\u00e9 des gymnastes \u00e0 l&rsquo;\u00e9tranger \u00e0 haut niveau, notamment en Belgique. Laur\u00e8ne Gabon Maynaud est titulaire d&rsquo;un BPJEPS en activit\u00e9s gymniques d&rsquo;expression. Elle a \u00e9galement une exp\u00e9rience d&rsquo;entra\u00eeneur en gymnastique rythmique , notamment \u00e0 Toulouse o\u00f9 elle a pass\u00e9 son dipl\u00f4me. Une offre de cours vari\u00e9e Eclat Rythmique Val de Sa\u00f4ne propose des cours de gymnastique rythmique de 3 \u00e0 +18 ans. Les cours sont dispens\u00e9s par des entra\u00eeneurs dipl\u00f4m\u00e9s d&rsquo;\u00c9tat. Les cours sont r\u00e9partis en trois cat\u00e9gories : Un club dynamique Eclat Rythmique Val de Sa\u00f4ne est un club de gymnastique rythmique qui se veut dynamique et qui souhaite organiser des \u00e9v\u00e9nements tout au long de l&rsquo;ann\u00e9e. Le club aimerait notamment participer \u00e0 des galas, des d\u00e9monstrations et des comp\u00e9titions. Une passion partag\u00e9e Laur\u00e8ne Gabon Maynaud et Sol\u00e8ne Burdeau sont anim\u00e9es par la m\u00eame passion pour la gymnastique rythmique. Elles souhaitent transmettre leur passion aux jeunes ( et moins jeunes !) du Val de Sa\u00f4ne et alentours. les deux fondatrices du club de gymnastique rythmique<\/p>\n","protected":false},"author":1,"featured_media":0,"parent":0,"menu_order":0,"comment_status":"closed","ping_status":"closed","template":"","meta":{"footnotes":""},"class_list":["post-107","page","type-page","status-publish","hentry","entry"],"yoast_head":"<!-- This site is optimized with the Yoast SEO plugin v27.4 - https:\/\/yoast.com\/product\/yoast-seo-wordpress\/ -->\n<title>Qui sommes nous ? - Eclat Rythmique Val de Sa\u00f4ne<\/title>\n<meta name=\"robots\" content=\"index, follow, max-snippet:-1, max-image-preview:large, max-video-preview:-1\" \/>\n<link rel=\"canonical\" href=\"https:\/\/www.gr-eclat01.fr\/index.php\/qui-sommes-nous\/\" \/>\n<meta property=\"og:locale\" content=\"fr_FR\" \/>\n<meta property=\"og:type\" content=\"article\" \/>\n<meta property=\"og:title\" content=\"Qui sommes nous ? - Eclat Rythmique Val de Sa\u00f4ne\" \/>\n<meta property=\"og:description\" content=\"La cr\u00e9ation d&rsquo;un club de gymnastique rythmique dans le Val de Sa\u00f4ne En octobre 2023, Laur\u00e8ne Gabon Maynaud et Sol\u00e8ne Burdeau ont cr\u00e9\u00e9 l&rsquo;association Eclat Rythmique Val de Sa\u00f4ne, club de gymnastique rythmique. Toutes deux anciennes gymnastes du Coll\u00e8ge de Thoissey, elles ont souhait\u00e9 partager leur passion pour la gymnastique rythmique avec d&rsquo;autres jeunes du Val de Sa\u00f4ne. Soutenues par leur maman qui font \u00e9galement partie du bureau et qui les suivent dans la gymnastique rythmique depuis leurs d\u00e9buts,&nbsp; elles souhaitent diversifier l&rsquo;offre de loisirs sportifs pr\u00e9sents sur le territoire et faire f\u00e9d\u00e9rer autour d&rsquo;une nouvelle activit\u00e9. Une \u00e9quipe exp\u00e9riment\u00e9e Sol\u00e8ne Burdeau est dipl\u00f4m\u00e9e d&rsquo;une licence STAPS en entrainement sp\u00e9cialit\u00e9 Gymnastique Rythmique, Elle a \u00e9galement entra\u00een\u00e9 des gymnastes \u00e0 l&rsquo;\u00e9tranger \u00e0 haut niveau, notamment en Belgique. Laur\u00e8ne Gabon Maynaud est titulaire d&rsquo;un BPJEPS en activit\u00e9s gymniques d&rsquo;expression. Elle a \u00e9galement une exp\u00e9rience d&rsquo;entra\u00eeneur en gymnastique rythmique , notamment \u00e0 Toulouse o\u00f9 elle a pass\u00e9 son dipl\u00f4me. Une offre de cours vari\u00e9e Eclat Rythmique Val de Sa\u00f4ne propose des cours de gymnastique rythmique de 3 \u00e0 +18 ans. Les cours sont dispens\u00e9s par des entra\u00eeneurs dipl\u00f4m\u00e9s d&rsquo;\u00c9tat. Les cours sont r\u00e9partis en trois cat\u00e9gories : Un club dynamique Eclat Rythmique Val de Sa\u00f4ne est un club de gymnastique rythmique qui se veut dynamique et qui souhaite organiser des \u00e9v\u00e9nements tout au long de l&rsquo;ann\u00e9e. Le club aimerait notamment participer \u00e0 des galas, des d\u00e9monstrations et des comp\u00e9titions. Une passion partag\u00e9e Laur\u00e8ne Gabon Maynaud et Sol\u00e8ne Burdeau sont anim\u00e9es par la m\u00eame passion pour la gymnastique rythmique. Elles souhaitent transmettre leur passion aux jeunes ( et moins jeunes !) du Val de Sa\u00f4ne et alentours. les deux fondatrices du club de gymnastique rythmique\" \/>\n<meta property=\"og:url\" content=\"https:\/\/www.gr-eclat01.fr\/index.php\/qui-sommes-nous\/\" \/>\n<meta property=\"og:site_name\" content=\"Eclat Rythmique Val de Sa\u00f4ne\" \/>\n<meta property=\"article:modified_time\" content=\"2024-03-29T14:28:28+00:00\" \/>\n<meta property=\"og:image\" content=\"https:\/\/www.gr-eclat01.fr\/wp-content\/uploads\/2024\/03\/WhatsApp-Image-2024-03-29-at-3.18.06-PM-768x1024.jpeg\" \/>\n<meta name=\"twitter:card\" content=\"summary_large_image\" \/>\n<meta name=\"twitter:label1\" content=\"Dur\u00e9e de lecture estim\u00e9e\" \/>\n\t<meta name=\"twitter:data1\" content=\"2 minutes\" \/>\n<script type=\"application\/ld+json\" class=\"yoast-schema-graph\">{\"@context\":\"https:\\\/\\\/schema.org\",\"@graph\":[{\"@type\":\"WebPage\",\"@id\":\"https:\\\/\\\/www.gr-eclat01.fr\\\/index.php\\\/qui-sommes-nous\\\/\",\"url\":\"https:\\\/\\\/www.gr-eclat01.fr\\\/index.php\\\/qui-sommes-nous\\\/\",\"name\":\"Qui sommes nous ? - Eclat Rythmique Val de Sa\u00f4ne\",\"isPartOf\":{\"@id\":\"https:\\\/\\\/www.gr-eclat01.fr\\\/#website\"},\"primaryImageOfPage\":{\"@id\":\"https:\\\/\\\/www.gr-eclat01.fr\\\/index.php\\\/qui-sommes-nous\\\/#primaryimage\"},\"image\":{\"@id\":\"https:\\\/\\\/www.gr-eclat01.fr\\\/index.php\\\/qui-sommes-nous\\\/#primaryimage\"},\"thumbnailUrl\":\"https:\\\/\\\/www.gr-eclat01.fr\\\/wp-content\\\/uploads\\\/2024\\\/03\\\/WhatsApp-Image-2024-03-29-at-3.18.06-PM-768x1024.jpeg\",\"datePublished\":\"2024-01-12T11:53:07+00:00\",\"dateModified\":\"2024-03-29T14:28:28+00:00\",\"breadcrumb\":{\"@id\":\"https:\\\/\\\/www.gr-eclat01.fr\\\/index.php\\\/qui-sommes-nous\\\/#breadcrumb\"},\"inLanguage\":\"fr-FR\",\"potentialAction\":[{\"@type\":\"ReadAction\",\"target\":[\"https:\\\/\\\/www.gr-eclat01.fr\\\/index.php\\\/qui-sommes-nous\\\/\"]}]},{\"@type\":\"ImageObject\",\"inLanguage\":\"fr-FR\",\"@id\":\"https:\\\/\\\/www.gr-eclat01.fr\\\/index.php\\\/qui-sommes-nous\\\/#primaryimage\",\"url\":\"https:\\\/\\\/www.gr-eclat01.fr\\\/wp-content\\\/uploads\\\/2024\\\/03\\\/WhatsApp-Image-2024-03-29-at-3.18.06-PM.jpeg\",\"contentUrl\":\"https:\\\/\\\/www.gr-eclat01.fr\\\/wp-content\\\/uploads\\\/2024\\\/03\\\/WhatsApp-Image-2024-03-29-at-3.18.06-PM.jpeg\",\"width\":1200,\"height\":1600,\"caption\":\"les deux fondatrices du club de gymnastique rythmique\"},{\"@type\":\"BreadcrumbList\",\"@id\":\"https:\\\/\\\/www.gr-eclat01.fr\\\/index.php\\\/qui-sommes-nous\\\/#breadcrumb\",\"itemListElement\":[{\"@type\":\"ListItem\",\"position\":1,\"name\":\"Accueil\",\"item\":\"https:\\\/\\\/www.gr-eclat01.fr\\\/\"},{\"@type\":\"ListItem\",\"position\":2,\"name\":\"Qui sommes nous ?\"}]},{\"@type\":\"WebSite\",\"@id\":\"https:\\\/\\\/www.gr-eclat01.fr\\\/#website\",\"url\":\"https:\\\/\\\/www.gr-eclat01.fr\\\/\",\"name\":\"Eclat Rythmique Val de Sa\u00f4ne\",\"description\":\"Eclat Rythmique Val de Sa\u00f4ne\",\"publisher\":{\"@id\":\"https:\\\/\\\/www.gr-eclat01.fr\\\/#organization\"},\"potentialAction\":[{\"@type\":\"SearchAction\",\"target\":{\"@type\":\"EntryPoint\",\"urlTemplate\":\"https:\\\/\\\/www.gr-eclat01.fr\\\/?s={search_term_string}\"},\"query-input\":{\"@type\":\"PropertyValueSpecification\",\"valueRequired\":true,\"valueName\":\"search_term_string\"}}],\"inLanguage\":\"fr-FR\"},{\"@type\":\"Organization\",\"@id\":\"https:\\\/\\\/www.gr-eclat01.fr\\\/#organization\",\"name\":\"Eclat Rythmique Val de Sa\u00f4ne\",\"url\":\"https:\\\/\\\/www.gr-eclat01.fr\\\/\",\"logo\":{\"@type\":\"ImageObject\",\"inLanguage\":\"fr-FR\",\"@id\":\"https:\\\/\\\/www.gr-eclat01.fr\\\/#\\\/schema\\\/logo\\\/image\\\/\",\"url\":\"https:\\\/\\\/www.gr-eclat01.fr\\\/wp-content\\\/uploads\\\/2024\\\/08\\\/cropped-LOGO-VF-23-08-2024-1.png\",\"contentUrl\":\"https:\\\/\\\/www.gr-eclat01.fr\\\/wp-content\\\/uploads\\\/2024\\\/08\\\/cropped-LOGO-VF-23-08-2024-1.png\",\"width\":355,\"height\":161,\"caption\":\"Eclat Rythmique Val de Sa\u00f4ne\"},\"image\":{\"@id\":\"https:\\\/\\\/www.gr-eclat01.fr\\\/#\\\/schema\\\/logo\\\/image\\\/\"}}]}<\/script>\n<!-- \/ Yoast SEO plugin. -->","yoast_head_json":{"title":"Qui sommes nous ? - Eclat Rythmique Val de Sa\u00f4ne","robots":{"index":"index","follow":"follow","max-snippet":"max-snippet:-1","max-image-preview":"max-image-preview:large","max-video-preview":"max-video-preview:-1"},"canonical":"https:\/\/www.gr-eclat01.fr\/index.php\/qui-sommes-nous\/","og_locale":"fr_FR","og_type":"article","og_title":"Qui sommes nous ? - Eclat Rythmique Val de Sa\u00f4ne","og_description":"La cr\u00e9ation d&rsquo;un club de gymnastique rythmique dans le Val de Sa\u00f4ne En octobre 2023, Laur\u00e8ne Gabon Maynaud et Sol\u00e8ne Burdeau ont cr\u00e9\u00e9 l&rsquo;association Eclat Rythmique Val de Sa\u00f4ne, club de gymnastique rythmique. Toutes deux anciennes gymnastes du Coll\u00e8ge de Thoissey, elles ont souhait\u00e9 partager leur passion pour la gymnastique rythmique avec d&rsquo;autres jeunes du Val de Sa\u00f4ne. Soutenues par leur maman qui font \u00e9galement partie du bureau et qui les suivent dans la gymnastique rythmique depuis leurs d\u00e9buts,&nbsp; elles souhaitent diversifier l&rsquo;offre de loisirs sportifs pr\u00e9sents sur le territoire et faire f\u00e9d\u00e9rer autour d&rsquo;une nouvelle activit\u00e9. Une \u00e9quipe exp\u00e9riment\u00e9e Sol\u00e8ne Burdeau est dipl\u00f4m\u00e9e d&rsquo;une licence STAPS en entrainement sp\u00e9cialit\u00e9 Gymnastique Rythmique, Elle a \u00e9galement entra\u00een\u00e9 des gymnastes \u00e0 l&rsquo;\u00e9tranger \u00e0 haut niveau, notamment en Belgique. Laur\u00e8ne Gabon Maynaud est titulaire d&rsquo;un BPJEPS en activit\u00e9s gymniques d&rsquo;expression. Elle a \u00e9galement une exp\u00e9rience d&rsquo;entra\u00eeneur en gymnastique rythmique , notamment \u00e0 Toulouse o\u00f9 elle a pass\u00e9 son dipl\u00f4me. Une offre de cours vari\u00e9e Eclat Rythmique Val de Sa\u00f4ne propose des cours de gymnastique rythmique de 3 \u00e0 +18 ans. Les cours sont dispens\u00e9s par des entra\u00eeneurs dipl\u00f4m\u00e9s d&rsquo;\u00c9tat. Les cours sont r\u00e9partis en trois cat\u00e9gories : Un club dynamique Eclat Rythmique Val de Sa\u00f4ne est un club de gymnastique rythmique qui se veut dynamique et qui souhaite organiser des \u00e9v\u00e9nements tout au long de l&rsquo;ann\u00e9e. Le club aimerait notamment participer \u00e0 des galas, des d\u00e9monstrations et des comp\u00e9titions. Une passion partag\u00e9e Laur\u00e8ne Gabon Maynaud et Sol\u00e8ne Burdeau sont anim\u00e9es par la m\u00eame passion pour la gymnastique rythmique. Elles souhaitent transmettre leur passion aux jeunes ( et moins jeunes !) du Val de Sa\u00f4ne et alentours. les deux fondatrices du club de gymnastique rythmique","og_url":"https:\/\/www.gr-eclat01.fr\/index.php\/qui-sommes-nous\/","og_site_name":"Eclat Rythmique Val de Sa\u00f4ne","article_modified_time":"2024-03-29T14:28:28+00:00","og_image":[{"url":"https:\/\/www.gr-eclat01.fr\/wp-content\/uploads\/2024\/03\/WhatsApp-Image-2024-03-29-at-3.18.06-PM-768x1024.jpeg","type":"","width":"","height":""}],"twitter_card":"summary_large_image","twitter_misc":{"Dur\u00e9e de lecture estim\u00e9e":"2 minutes"},"schema":{"@context":"https:\/\/schema.org","@graph":[{"@type":"WebPage","@id":"https:\/\/www.gr-eclat01.fr\/index.php\/qui-sommes-nous\/","url":"https:\/\/www.gr-eclat01.fr\/index.php\/qui-sommes-nous\/","name":"Qui sommes nous ? - Eclat Rythmique Val de Sa\u00f4ne","isPartOf":{"@id":"https:\/\/www.gr-eclat01.fr\/#website"},"primaryImageOfPage":{"@id":"https:\/\/www.gr-eclat01.fr\/index.php\/qui-sommes-nous\/#primaryimage"},"image":{"@id":"https:\/\/www.gr-eclat01.fr\/index.php\/qui-sommes-nous\/#primaryimage"},"thumbnailUrl":"https:\/\/www.gr-eclat01.fr\/wp-content\/uploads\/2024\/03\/WhatsApp-Image-2024-03-29-at-3.18.06-PM-768x1024.jpeg","datePublished":"2024-01-12T11:53:07+00:00","dateModified":"2024-03-29T14:28:28+00:00","breadcrumb":{"@id":"https:\/\/www.gr-eclat01.fr\/index.php\/qui-sommes-nous\/#breadcrumb"},"inLanguage":"fr-FR","potentialAction":[{"@type":"ReadAction","target":["https:\/\/www.gr-eclat01.fr\/index.php\/qui-sommes-nous\/"]}]},{"@type":"ImageObject","inLanguage":"fr-FR","@id":"https:\/\/www.gr-eclat01.fr\/index.php\/qui-sommes-nous\/#primaryimage","url":"https:\/\/www.gr-eclat01.fr\/wp-content\/uploads\/2024\/03\/WhatsApp-Image-2024-03-29-at-3.18.06-PM.jpeg","contentUrl":"https:\/\/www.gr-eclat01.fr\/wp-content\/uploads\/2024\/03\/WhatsApp-Image-2024-03-29-at-3.18.06-PM.jpeg","width":1200,"height":1600,"caption":"les deux fondatrices du club de gymnastique rythmique"},{"@type":"BreadcrumbList","@id":"https:\/\/www.gr-eclat01.fr\/index.php\/qui-sommes-nous\/#breadcrumb","itemListElement":[{"@type":"ListItem","position":1,"name":"Accueil","item":"https:\/\/www.gr-eclat01.fr\/"},{"@type":"ListItem","position":2,"name":"Qui sommes nous ?"}]},{"@type":"WebSite","@id":"https:\/\/www.gr-eclat01.fr\/#website","url":"https:\/\/www.gr-eclat01.fr\/","name":"Eclat Rythmique Val de Sa\u00f4ne","description":"Eclat Rythmique Val de Sa\u00f4ne","publisher":{"@id":"https:\/\/www.gr-eclat01.fr\/#organization"},"potentialAction":[{"@type":"SearchAction","target":{"@type":"EntryPoint","urlTemplate":"https:\/\/www.gr-eclat01.fr\/?s={search_term_string}"},"query-input":{"@type":"PropertyValueSpecification","valueRequired":true,"valueName":"search_term_string"}}],"inLanguage":"fr-FR"},{"@type":"Organization","@id":"https:\/\/www.gr-eclat01.fr\/#organization","name":"Eclat Rythmique Val de Sa\u00f4ne","url":"https:\/\/www.gr-eclat01.fr\/","logo":{"@type":"ImageObject","inLanguage":"fr-FR","@id":"https:\/\/www.gr-eclat01.fr\/#\/schema\/logo\/image\/","url":"https:\/\/www.gr-eclat01.fr\/wp-content\/uploads\/2024\/08\/cropped-LOGO-VF-23-08-2024-1.png","contentUrl":"https:\/\/www.gr-eclat01.fr\/wp-content\/uploads\/2024\/08\/cropped-LOGO-VF-23-08-2024-1.png","width":355,"height":161,"caption":"Eclat Rythmique Val de Sa\u00f4ne"},"image":{"@id":"https:\/\/www.gr-eclat01.fr\/#\/schema\/logo\/image\/"}}]}},"jetpack_sharing_enabled":true,"_links":{"self":[{"href":"https:\/\/www.gr-eclat01.fr\/index.php\/wp-json\/wp\/v2\/pages\/107","targetHints":{"allow":["GET"]}}],"collection":[{"href":"https:\/\/www.gr-eclat01.fr\/index.php\/wp-json\/wp\/v2\/pages"}],"about":[{"href":"https:\/\/www.gr-eclat01.fr\/index.php\/wp-json\/wp\/v2\/types\/page"}],"author":[{"embeddable":true,"href":"https:\/\/www.gr-eclat01.fr\/index.php\/wp-json\/wp\/v2\/users\/1"}],"replies":[{"embeddable":true,"href":"https:\/\/www.gr-eclat01.fr\/index.php\/wp-json\/wp\/v2\/comments?post=107"}],"version-history":[{"count":3,"href":"https:\/\/www.gr-eclat01.fr\/index.php\/wp-json\/wp\/v2\/pages\/107\/revisions"}],"predecessor-version":[{"id":446,"href":"https:\/\/www.gr-eclat01.fr\/index.php\/wp-json\/wp\/v2\/pages\/107\/revisions\/446"}],"wp:attachment":[{"href":"https:\/\/www.gr-eclat01.fr\/index.php\/wp-json\/wp\/v2\/media?parent=107"}],"curies":[{"name":"wp","href":"https:\/\/api.w.org\/{rel}","templated":true}]}}